{"id":2158,"date":"2015-09-28T21:09:45","date_gmt":"2015-09-29T00:09:45","guid":{"rendered":"http:\/\/rcymedia.eu\/?page_id=2158"},"modified":"2026-01-13T12:47:08","modified_gmt":"2026-01-13T11:47:08","slug":"politica-de-privacidad","status":"publish","type":"page","link":"https:\/\/rcymedia.eu\/pt\/politica-de-privacidad\/","title":{"rendered":"Pol\u00edtica de Privacidade"},"content":{"rendered":"<div class=\"wpb-content-wrapper\"><p><\/p>\n<p style=\"text-align: justify;\">Atrav\u00e9s desta Pol\u00edtica de Privacidade, RC &amp; MEDIA COMUNICACION S.L. (Daqui em diante o provedor, ou RC &amp; SUPORTE), CIF B-06561534, registado no Registo de Badajoz Folio 168 tornam-se, de volume 470, Folha de BA-21444, 3 inscri\u00e7\u00e3o e estabelecido em Badajoz, Avenida. Ricardo Carapeto, 131, informa aos usu\u00e1rios do portal www.rcymedia.eu Internet sobre a sua pol\u00edtica sobre a protec\u00e7\u00e3o de dados pessoais para os usu\u00e1rios livre e voluntariamente se desejam fornecer para o credor, respons\u00e1vel pelo processamento, dados pessoais que pode ser necess\u00e1rio ou que pode ser obtido dos usu\u00e1rios ao usar o portal.<\/p>\n<p style=\"text-align: justify;\">Os dados pessoais fornecidos atrav\u00e9s de formul\u00e1rios de inscri\u00e7\u00e3o ou alta est\u00e3o inclu\u00eddos em um arquivo de provedor de propriedade de dados pessoais que garante prote\u00e7\u00e3o total conformidade de dados pessoais, e assim, de acordo com o lei 15\/1999 de 13 de Dezembro, o usu\u00e1rio \u00e9 informado e consente com a inclus\u00e3o dos seus dados para o arquivo automatizado registrado no RGPD, e no processamento automatizado dos mesmos, a fim de dar aos clientes uma bom atendimento, gerencie seu pedido e envie-lhe as ofertas de publicidade atuais e futuras sem precisar preencher essas informa\u00e7\u00f5es novamente.<\/p>\n<p style=\"text-align: justify;\">O credor informa ao usu\u00e1rio que existe no formul\u00e1rio de inscri\u00e7\u00e3o e \/ ou campos de alta s\u00e3o obrigat\u00f3rias, para ser negado qualquer tipo de registro que n\u00e3o \u00e9 total e completamente preenchido.<\/p>\n<p style=\"text-align: justify;\">O Usu\u00e1rio responder\u00e1, em qualquer caso, \u00e0 veracidade dos dados facilitados, sendo o FORNECEDOR isento de qualquer tipo de responsabilidade.<\/p>\n<p style=\"text-align: justify;\">A aceita\u00e7\u00e3o do usu\u00e1rio para seus dados podem ser tratados da forma prevista neste par\u00e1grafo \u00e9 sempre revog\u00e1vel, sem efeitos retroactivos, conforme exigido pelos artigos 6 e 11 da Lei 15\/1999 de 13 de Dezembro.<\/p>\n<p style=\"text-align: justify;\">A pol\u00edtica de privacidade da RC &amp; MEDIA assegura-lhe, o exerc\u00edcio dos direitos de acesso, rectifica\u00e7\u00e3o, cancelamento e oposi\u00e7\u00e3o, nos termos estabelecidos na legisla\u00e7\u00e3o actual, perante o gestor de ficheiros, para o seguinte endere\u00e7o: Servi\u00e7os Audiovisuais da Extremadura S.L. Avda Ricardo Carapeto n\u00ba 131, 06008 Badajoz.<\/p>\n<p style=\"text-align: justify;\">O FORNECEDOR n\u00e3o transferir\u00e1 os dados pessoais dos usu\u00e1rios que s\u00e3o coletados atrav\u00e9s do site para terceiros sem o consentimento expresso do Usu\u00e1rio para isso. O FORNECEDOR oferecer\u00e1 previamente ao Usu\u00e1rio a possibilidade de aceitar ou n\u00e3o tal atribui\u00e7\u00e3o.<\/p>\n<p style=\"text-align: justify;\">O FORNECEDOR expressamente informar\u00e1 o usu\u00e1rio sobre a transfer\u00eancia de seus dados pessoais para terceiros, indicando a identidade dos cession\u00e1rios eo prop\u00f3sito da transfer\u00eancia de dados pessoais.<\/p>\n<p style=\"text-align: justify;\">Para personalizar e oferecer informa\u00e7\u00f5es espec\u00edficas sobre os servi\u00e7os acessados \u200b\u200bpelo usu\u00e1rio, a SAVEX usa cookies enquanto navega no site www.rcymedia.eu.<\/p>\n<p style=\"text-align: justify;\">Em qualquer caso, os cookies usados \u200b\u200bpermitem que voc\u00ea descubra a identidade do usu\u00e1rio ou realize outras opera\u00e7\u00f5es al\u00e9m de controlar o n\u00famero de acessos a nossos servi\u00e7os e conte\u00fado em geral, para o desenvolvimento de novos servi\u00e7os e produtos que atendam \u00e0s necessidades de nossos clientes. p\u00fablico.<\/p>\n<p style=\"text-align: justify;\">O Usu\u00e1rio tem a possibilidade de configurar seu navegador, de acordo com as instru\u00e7\u00f5es contidas nele e em seus manuais de configura\u00e7\u00e3o, para que este o avise da recep\u00e7\u00e3o e aceita\u00e7\u00e3o de cookies. Deve ser lembrado que, \u00e0s vezes, a n\u00e3o aceita\u00e7\u00e3o do cookie pode significar que voc\u00ea n\u00e3o tem acesso a toda a disponibilidade do servi\u00e7o ou precisa se registrar sempre que acessar um servi\u00e7o que exija um registro pr\u00e9vio.<\/p>\n<p><\/p>\n<\/div>","protected":false},"excerpt":{"rendered":"<p>Atrav\u00e9s desta Pol\u00edtica de Privacidade, RC &amp; MEDIA COMUNICACION S.L. (Daqui em diante o provedor, ou RC &amp; SUPORTE), CIF B-06561534, registado no Registo de Badajoz Folio 168 tornam-se, de volume 470, Folha de BA-21444, 3 inscri\u00e7\u00e3o e estabelecido em Badajoz, Avenida. Ricardo Carapeto, 131, informa aos usu\u00e1rios do portal www.rcymedia.eu Internet sobre a sua&hellip;<\/p>\n","protected":false},"author":1,"featured_media":0,"parent":0,"menu_order":0,"comment_status":"closed","ping_status":"closed","template":"","meta":{"_exactmetrics_skip_tracking":false,"_exactmetrics_sitenote_active":false,"_exactmetrics_sitenote_note":"","_exactmetrics_sitenote_category":0,"footnotes":""},"class_list":["post-2158","page","type-page","status-publish","hentry","description-off"],"yoast_head":"<!-- This site is optimized with the Yoast SEO Premium plugin v27.1 (Yoast SEO v27.1.1) - https:\/\/yoast.com\/product\/yoast-seo-premium-wordpress\/ -->\n<title>Pol\u00edtica de Privacidade<\/title>\n<meta name=\"robots\" content=\"index, follow, max-snippet:-1, max-image-preview:large, max-video-preview:-1\" \/>\n<link rel=\"canonical\" href=\"https:\/\/rcymedia.eu\/politica-de-privacidad\/\" \/>\n<meta property=\"og:locale\" content=\"pt_PT\" \/>\n<meta property=\"og:type\" content=\"article\" \/>\n<meta property=\"og:title\" content=\"Pol\u00edtica de Privacidade\" \/>\n<meta property=\"og:description\" content=\"Atrav\u00e9s desta Pol\u00edtica de Privacidade, RC &amp; MEDIA COMUNICACION S.L. (Daqui em diante o provedor, ou RC &amp; SUPORTE), CIF B-06561534, registado no Registo de Badajoz Folio 168 tornam-se, de volume 470, Folha de BA-21444, 3 inscri\u00e7\u00e3o e estabelecido em Badajoz, Avenida. Ricardo Carapeto, 131, informa aos usu\u00e1rios do portal www.rcymedia.eu Internet sobre a sua&hellip;\" \/>\n<meta property=\"og:url\" content=\"https:\/\/rcymedia.eu\/politica-de-privacidad\/\" \/>\n<meta property=\"og:site_name\" content=\"RC&amp;Media Comunicaci\u00f3n\" \/>\n<meta property=\"article:publisher\" content=\"https:\/\/www.facebook.com\/rcymedia\" \/>\n<meta property=\"article:modified_time\" content=\"2026-01-13T11:47:08+00:00\" \/>\n<meta property=\"og:image\" content=\"https:\/\/rcymedia.eu\/wp-content\/uploads\/2014\/07\/MG_7518-1600x1200-e1406302093757.jpg\" \/>\n\t<meta property=\"og:image:width\" content=\"1024\" \/>\n\t<meta property=\"og:image:height\" content=\"1024\" \/>\n\t<meta property=\"og:image:type\" content=\"image\/jpeg\" \/>\n<meta name=\"twitter:card\" content=\"summary_large_image\" \/>\n<meta name=\"twitter:site\" content=\"@rcymedia\" \/>\n<meta name=\"twitter:label1\" content=\"Tempo estimado de leitura\" \/>\n\t<meta name=\"twitter:data1\" content=\"14 minutos\" \/>\n<script type=\"application\/ld+json\" class=\"yoast-schema-graph\">{\"@context\":\"https:\/\/schema.org\",\"@graph\":[{\"@type\":\"WebPage\",\"@id\":\"https:\/\/rcymedia.eu\/politica-de-privacidad\/\",\"url\":\"https:\/\/rcymedia.eu\/politica-de-privacidad\/\",\"name\":\"Pol\u00edtica de Privacidade\",\"isPartOf\":{\"@id\":\"https:\/\/rcymedia.eu\/#website\"},\"datePublished\":\"2015-09-29T00:09:45+00:00\",\"dateModified\":\"2026-01-13T11:47:08+00:00\",\"breadcrumb\":{\"@id\":\"https:\/\/rcymedia.eu\/politica-de-privacidad\/#breadcrumb\"},\"inLanguage\":\"pt-PT\",\"potentialAction\":[{\"@type\":\"ReadAction\",\"target\":[\"https:\/\/rcymedia.eu\/politica-de-privacidad\/\"]}]},{\"@type\":\"BreadcrumbList\",\"@id\":\"https:\/\/rcymedia.eu\/politica-de-privacidad\/#breadcrumb\",\"itemListElement\":[{\"@type\":\"ListItem\",\"position\":1,\"name\":\"Portada\",\"item\":\"https:\/\/rcymedia.eu\/\"},{\"@type\":\"ListItem\",\"position\":2,\"name\":\"Pol\u00edtica de Privacidade\"}]},{\"@type\":\"WebSite\",\"@id\":\"https:\/\/rcymedia.eu\/#website\",\"url\":\"https:\/\/rcymedia.eu\/\",\"name\":\"RC&amp;Media Comunicaci\u00f3n\",\"description\":\"Dise\u00f1o web y Comunicaci\u00f3n en Paran\u00e1, C\u00e1ceres y Badajoz\",\"potentialAction\":[{\"@type\":\"SearchAction\",\"target\":{\"@type\":\"EntryPoint\",\"urlTemplate\":\"https:\/\/rcymedia.eu\/?s={search_term_string}\"},\"query-input\":{\"@type\":\"PropertyValueSpecification\",\"valueRequired\":true,\"valueName\":\"search_term_string\"}}],\"inLanguage\":\"pt-PT\"}]}<\/script>\n<!-- \/ Yoast SEO Premium plugin. -->","yoast_head_json":{"title":"Pol\u00edtica de Privacidade","robots":{"index":"index","follow":"follow","max-snippet":"max-snippet:-1","max-image-preview":"max-image-preview:large","max-video-preview":"max-video-preview:-1"},"canonical":"https:\/\/rcymedia.eu\/politica-de-privacidad\/","og_locale":"pt_PT","og_type":"article","og_title":"Pol\u00edtica de Privacidade","og_description":"Atrav\u00e9s desta Pol\u00edtica de Privacidade, RC &amp; MEDIA COMUNICACION S.L. (Daqui em diante o provedor, ou RC &amp; SUPORTE), CIF B-06561534, registado no Registo de Badajoz Folio 168 tornam-se, de volume 470, Folha de BA-21444, 3 inscri\u00e7\u00e3o e estabelecido em Badajoz, Avenida. Ricardo Carapeto, 131, informa aos usu\u00e1rios do portal www.rcymedia.eu Internet sobre a sua&hellip;","og_url":"https:\/\/rcymedia.eu\/politica-de-privacidad\/","og_site_name":"RC&amp;Media Comunicaci\u00f3n","article_publisher":"https:\/\/www.facebook.com\/rcymedia","article_modified_time":"2026-01-13T11:47:08+00:00","og_image":[{"width":1024,"height":1024,"url":"https:\/\/rcymedia.eu\/wp-content\/uploads\/2014\/07\/MG_7518-1600x1200-e1406302093757.jpg","type":"image\/jpeg"}],"twitter_card":"summary_large_image","twitter_site":"@rcymedia","twitter_misc":{"Tempo estimado de leitura":"14 minutos"},"schema":{"@context":"https:\/\/schema.org","@graph":[{"@type":"WebPage","@id":"https:\/\/rcymedia.eu\/politica-de-privacidad\/","url":"https:\/\/rcymedia.eu\/politica-de-privacidad\/","name":"Pol\u00edtica de Privacidade","isPartOf":{"@id":"https:\/\/rcymedia.eu\/#website"},"datePublished":"2015-09-29T00:09:45+00:00","dateModified":"2026-01-13T11:47:08+00:00","breadcrumb":{"@id":"https:\/\/rcymedia.eu\/politica-de-privacidad\/#breadcrumb"},"inLanguage":"pt-PT","potentialAction":[{"@type":"ReadAction","target":["https:\/\/rcymedia.eu\/politica-de-privacidad\/"]}]},{"@type":"BreadcrumbList","@id":"https:\/\/rcymedia.eu\/politica-de-privacidad\/#breadcrumb","itemListElement":[{"@type":"ListItem","position":1,"name":"Portada","item":"https:\/\/rcymedia.eu\/"},{"@type":"ListItem","position":2,"name":"Pol\u00edtica de Privacidade"}]},{"@type":"WebSite","@id":"https:\/\/rcymedia.eu\/#website","url":"https:\/\/rcymedia.eu\/","name":"RC&amp;Media Comunicaci\u00f3n","description":"Dise\u00f1o web y Comunicaci\u00f3n en Paran\u00e1, C\u00e1ceres y Badajoz","potentialAction":[{"@type":"SearchAction","target":{"@type":"EntryPoint","urlTemplate":"https:\/\/rcymedia.eu\/?s={search_term_string}"},"query-input":{"@type":"PropertyValueSpecification","valueRequired":true,"valueName":"search_term_string"}}],"inLanguage":"pt-PT"}]}},"publishpress_future_action":{"enabled":false,"date":"2026-05-04 10:25:50","action":"change-status","newStatus":"draft","terms":[],"taxonomy":"","extraData":[]},"publishpress_future_workflow_manual_trigger":{"enabledWorkflows":[]},"_links":{"self":[{"href":"https:\/\/rcymedia.eu\/pt\/wp-json\/wp\/v2\/pages\/2158","targetHints":{"allow":["GET"]}}],"collection":[{"href":"https:\/\/rcymedia.eu\/pt\/wp-json\/wp\/v2\/pages"}],"about":[{"href":"https:\/\/rcymedia.eu\/pt\/wp-json\/wp\/v2\/types\/page"}],"author":[{"embeddable":true,"href":"https:\/\/rcymedia.eu\/pt\/wp-json\/wp\/v2\/users\/1"}],"replies":[{"embeddable":true,"href":"https:\/\/rcymedia.eu\/pt\/wp-json\/wp\/v2\/comments?post=2158"}],"version-history":[{"count":2,"href":"https:\/\/rcymedia.eu\/pt\/wp-json\/wp\/v2\/pages\/2158\/revisions"}],"predecessor-version":[{"id":5039,"href":"https:\/\/rcymedia.eu\/pt\/wp-json\/wp\/v2\/pages\/2158\/revisions\/5039"}],"wp:attachment":[{"href":"https:\/\/rcymedia.eu\/pt\/wp-json\/wp\/v2\/media?parent=2158"}],"curies":[{"name":"wp","href":"https:\/\/api.w.org\/{rel}","templated":true}]}}

Política de Privacidade

<div class="wpb-content-wrapper"><p></p>
<p style="text-align: justify;">Através desta Política de Privacidade, RC &amp; MEDIA COMUNICACION S.L. (Daqui em diante o provedor, ou RC &amp; SUPORTE), CIF B-06561534, registado no Registo de Badajoz Folio 168 tornam-se, de volume 470, Folha de BA-21444, 3 inscrição e estabelecido em Badajoz, Avenida. Ricardo Carapeto, 131, informa aos usuários do portal www.rcymedia.eu Internet sobre a sua política sobre a protecção de dados pessoais para os usuários livre e voluntariamente se desejam fornecer para o credor, responsável pelo processamento, dados pessoais que pode ser necessário ou que pode ser obtido dos usuários ao usar o portal.</p>
<p style="text-align: justify;">Os dados pessoais fornecidos através de formulários de inscrição ou alta estão incluídos em um arquivo de provedor de propriedade de dados pessoais que garante proteção total conformidade de dados pessoais, e assim, de acordo com o lei 15/1999 de 13 de Dezembro, o usuário é informado e consente com a inclusão dos seus dados para o arquivo automatizado registrado no RGPD, e no processamento automatizado dos mesmos, a fim de dar aos clientes uma bom atendimento, gerencie seu pedido e envie-lhe as ofertas de publicidade atuais e futuras sem precisar preencher essas informações novamente.</p>
<p style="text-align: justify;">O credor informa ao usuário que existe no formulário de inscrição e / ou campos de alta são obrigatórias, para ser negado qualquer tipo de registro que não é total e completamente preenchido.</p>
<p style="text-align: justify;">O Usuário responderá, em qualquer caso, à veracidade dos dados facilitados, sendo o FORNECEDOR isento de qualquer tipo de responsabilidade.</p>
<p style="text-align: justify;">A aceitação do usuário para seus dados podem ser tratados da forma prevista neste parágrafo é sempre revogável, sem efeitos retroactivos, conforme exigido pelos artigos 6 e 11 da Lei 15/1999 de 13 de Dezembro.</p>
<p style="text-align: justify;">A política de privacidade da RC &amp; MEDIA assegura-lhe, o exercício dos direitos de acesso, rectificação, cancelamento e oposição, nos termos estabelecidos na legislação actual, perante o gestor de ficheiros, para o seguinte endereço: Serviços Audiovisuais da Extremadura S.L. Avda Ricardo Carapeto nº 131, 06008 Badajoz.</p>
<p style="text-align: justify;">O FORNECEDOR não transferirá os dados pessoais dos usuários que são coletados através do site para terceiros sem o consentimento expresso do Usuário para isso. O FORNECEDOR oferecerá previamente ao Usuário a possibilidade de aceitar ou não tal atribuição.</p>
<p style="text-align: justify;">O FORNECEDOR expressamente informará o usuário sobre a transferência de seus dados pessoais para terceiros, indicando a identidade dos cessionários eo propósito da transferência de dados pessoais.</p>
<p style="text-align: justify;">Para personalizar e oferecer informações específicas sobre os serviços acessados ​​pelo usuário, a SAVEX usa cookies enquanto navega no site www.rcymedia.eu.</p>
<p style="text-align: justify;">Em qualquer caso, os cookies usados ​​permitem que você descubra a identidade do usuário ou realize outras operações além de controlar o número de acessos a nossos serviços e conteúdo em geral, para o desenvolvimento de novos serviços e produtos que atendam às necessidades de nossos clientes. público.</p>
<p style="text-align: justify;">O Usuário tem a possibilidade de configurar seu navegador, de acordo com as instruções contidas nele e em seus manuais de configuração, para que este o avise da recepção e aceitação de cookies. Deve ser lembrado que, às vezes, a não aceitação do cookie pode significar que você não tem acesso a toda a disponibilidade do serviço ou precisa se registrar sempre que acessar um serviço que exija um registro prévio.</p>
<p></p>
</div>

<p>Através desta Política de Privacidade, RC &amp; MEDIA COMUNICACION S.L. (Daqui em diante o provedor, ou RC &amp; SUPORTE), CIF B-06561534, registado no Registo de Badajoz Folio 168 tornam-se, de volume 470, Folha de BA-21444, 3 inscrição e estabelecido em Badajoz, Avenida. Ricardo Carapeto, 131, informa aos usuários do portal www.rcymedia.eu Internet sobre a sua&hellip;</p>

<!-- This site is optimized with the Yoast SEO Premium plugin v27.1 (Yoast SEO v27.1.1) - https://yoast.com/product/yoast-seo-premium-wordpress/ -->
<title>Política de Privacidade</title>
<meta name="robots" content="index, follow, max-snippet:-1, max-image-preview:large, max-video-preview:-1" />
<link rel="canonical" href="https://rcymedia.eu/politica-de-privacidad/" />
<meta property="og:locale" content="pt_PT" />
<meta property="og:type" content="article" />
<meta property="og:title" content="Política de Privacidade" />
<meta property="og:description" content="Através desta Política de Privacidade, RC &amp; MEDIA COMUNICACION S.L. (Daqui em diante o provedor, ou RC &amp; SUPORTE), CIF B-06561534, registado no Registo de Badajoz Folio 168 tornam-se, de volume 470, Folha de BA-21444, 3 inscrição e estabelecido em Badajoz, Avenida. Ricardo Carapeto, 131, informa aos usuários do portal www.rcymedia.eu Internet sobre a sua&hellip;" />
<meta property="og:url" content="https://rcymedia.eu/politica-de-privacidad/" />
<meta property="og:site_name" content="RC&amp;Media Comunicación" />
<meta property="article:publisher" content="https://www.facebook.com/rcymedia" />
<meta property="article:modified_time" content="2026-01-13T11:47:08+00:00" />
<meta property="og:image" content="https://rcymedia.eu/wp-content/uploads/2014/07/MG_7518-1600x1200-e1406302093757.jpg" />
	<meta property="og:image:width" content="1024" />
	<meta property="og:image:height" content="1024" />
	<meta property="og:image:type" content="image/jpeg" />
<meta name="twitter:card" content="summary_large_image" />
<meta name="twitter:site" content="@rcymedia" />
<meta name="twitter:label1" content="Tempo estimado de leitura" />
	<meta name="twitter:data1" content="14 minutos" />
<script type="application/ld+json" class="yoast-schema-graph">{"@context":"https://schema.org","@graph":[{"@type":"WebPage","@id":"https://rcymedia.eu/politica-de-privacidad/","url":"https://rcymedia.eu/politica-de-privacidad/","name":"Política de Privacidade","isPartOf":{"@id":"https://rcymedia.eu/#website"},"datePublished":"2015-09-29T00:09:45+00:00","dateModified":"2026-01-13T11:47:08+00:00","breadcrumb":{"@id":"https://rcymedia.eu/politica-de-privacidad/#breadcrumb"},"inLanguage":"pt-PT","potentialAction":[{"@type":"ReadAction","target":["https://rcymedia.eu/politica-de-privacidad/"]}]},{"@type":"BreadcrumbList","@id":"https://rcymedia.eu/politica-de-privacidad/#breadcrumb","itemListElement":[{"@type":"ListItem","position":1,"name":"Portada","item":"https://rcymedia.eu/"},{"@type":"ListItem","position":2,"name":"Política de Privacidade"}]},{"@type":"WebSite","@id":"https://rcymedia.eu/#website","url":"https://rcymedia.eu/","name":"RC&amp;Media Comunicación","description":"Diseño web y Comunicación en Paraná, Cáceres y Badajoz","potentialAction":[{"@type":"SearchAction","target":{"@type":"EntryPoint","urlTemplate":"https://rcymedia.eu/?s={search_term_string}"},"query-input":{"@type":"PropertyValueSpecification","valueRequired":true,"valueName":"search_term_string"}}],"inLanguage":"pt-PT"}]}</script>
<!-- / Yoast SEO Premium plugin. -->

Através desta Política de Privacidade, RC &amp; MEDIA COMUNICACION S.L. (Daqui em diante o provedor, ou RC &amp; SUPORTE), CIF B-06561534, registado no Registo de Badajoz Folio 168 tornam-se, de volume 470, Folha de BA-21444, 3 inscrição e estabelecido em Badajoz, Avenida. Ricardo Carapeto, 131, informa aos usuários do portal www.rcymedia.eu Internet sobre a sua&hellip;

RC&amp;Media Comunicación

Diseño web y Comunicación en Paraná, Cáceres y Badajoz
